{"id":20,"date":"2023-03-26T18:45:08","date_gmt":"2023-03-26T21:45:08","guid":{"rendered":"https:\/\/eolcba.com.ar\/jornadas2023\/?page_id=20"},"modified":"2023-04-09T19:51:45","modified_gmt":"2023-04-09T22:51:45","slug":"trabajos","status":"publish","type":"page","link":"https:\/\/eolcba.com.ar\/jornadas2023\/trabajos\/","title":{"rendered":"TRABAJOS"},"content":{"rendered":"<div class=\"fusion-fullwidth fullwidth-box fusion-builder-row-1 fusion-flex-container has-pattern-background has-mask-background nonhundred-percent-fullwidth non-hundred-percent-height-scrolling\" style=\"--awb-border-radius-top-left:0px;--awb-border-radius-top-right:0px;--awb-border-radius-bottom-right:0px;--awb-border-radius-bottom-left:0px;--awb-flex-wrap:wrap;\" ><div class=\"fusion-builder-row fusion-row fusion-flex-align-items-flex-start fusion-flex-content-wrap\" style=\"max-width:1352px;margin-left: calc(-4% \/ 2 );margin-right: calc(-4% \/ 2 );\"><div class=\"fusion-layout-column fusion_builder_column fusion-builder-column-0 fusion_builder_column_1_1 1_1 fusion-flex-column\" style=\"--awb-bg-size:cover;--awb-width-large:100%;--awb-margin-top-large:0px;--awb-spacing-right-large:1.92%;--awb-margin-bottom-large:20px;--awb-spacing-left-large:1.92%;--awb-width-medium:100%;--awb-order-medium:0;--awb-spacing-right-medium:1.92%;--awb-spacing-left-medium:1.92%;--awb-width-small:100%;--awb-order-small:0;--awb-spacing-right-small:1.92%;--awb-spacing-left-small:1.92%;\"><div class=\"fusion-column-wrapper fusion-column-has-shadow fusion-flex-justify-content-flex-start fusion-content-layout-column\"><div class=\"fusion-text fusion-text-1\"><p style=\"text-align: justify;\">Queridos Colegas:<\/p>\n<p style=\"text-align: justify;\">Los d\u00edas 23 y 24 de junio nos encontraremos para celebrar las <strong>31\u00b0 Jornadas de la EOL Secci\u00f3n C\u00f3rdoba: \u00a0<em>Lo imposible de soportar \u00bfC\u00f3mo tratarlo?<\/em><\/strong><\/p>\n<p style=\"text-align: justify;\">Es as\u00ed como Lacan defin\u00eda la cl\u00ednica en ocasi\u00f3n de la apertura de la Secci\u00f3n Cl\u00ednica: \u201clo real en cuanto es lo imposible de soportar\u201d<a href=\"#_ftn1\" name=\"_ftnref1\">[1]<\/a>, aunque haya artificios que permitan tratar esa condici\u00f3n.<\/p>\n<p style=\"text-align: justify;\">\u00bfCu\u00e1les artificios? \u00bfC\u00f3mo hacer con ese imposible?<\/p>\n<p style=\"text-align: justify;\">J.-A. Miller sit\u00faa que \u201clo que vale es el hecho del s\u00edntoma (\u2026) Y que hay s\u00edntoma en el sentido anal\u00edtico cuando el sujeto se experimenta como desbordado por lo que le sucede en su propio pensamiento, desbordado en la esfera de lo que piensa que es su ser\u2026 su cuerpo. El s\u00edntoma toma la forma de la cl\u00ednica cuando resulta imposible de soportar.\u2019\u2019<a href=\"#_ftn2\" name=\"_ftnref2\">[2]<\/a><\/p>\n<p style=\"text-align: justify;\">Es la propuesta que la Comisi\u00f3n Cient\u00edfica nos invita a investigar con el Argumento, Orientaciones y Ejes de trabajo.<\/p>\n<p style=\"text-align: justify;\">Invitamos especialmente a los<strong> miembros<\/strong> a presentar sus contribuciones cl\u00ednicas -casos cl\u00ednicos de la propia pr\u00e1ctica- enmarcadas en los ejes propuestos.<\/p>\n<p style=\"text-align: justify;\">As\u00ed mismo, el cartel como \u00f3rgano de base de la Escuela tendr\u00e1 su lugar en estas Jornadas.<\/p>\n<p style=\"text-align: justify;\">Esperamos que aquellos <strong>cartelizantes<\/strong> que inscriben su formaci\u00f3n en este dispositivo y participan de la vida de la Escuela puedan presentar su cl\u00ednica tomando a su cuenta el decir sobre su pr\u00e1ctica. El <strong>M\u00e1s Uno<\/strong> ser\u00e1 responsable de enviar el caso para ponerlo a consideraci\u00f3n de la Comisi\u00f3n Cient\u00edfica quien tendr\u00e1 a su cargo la selecci\u00f3n de los mismos.<\/p>\n<p style=\"text-align: justify;\">Ya arrancamos \u00a1Los esperamos!<\/p>\n<p style=\"text-align: justify;\"><strong>Condiciones de presentaci\u00f3n de trabajos<\/strong><\/p>\n<ul style=\"text-align: justify;\">\n<li>Quienes presenten sus contribuciones deber\u00e1n inscribirse de manera presencial.<\/li>\n<li>Plazo de entrega: jueves 25 de mayo.<\/li>\n<li>Cantidad de caracteres con espacios: 6000.<\/li>\n<li>Fuente: Times New Roman 12.<\/li>\n<li>Enviar a las siguientes direcciones de mail: <a href=\"mailto:eolcordoba@eolcba.com.ar\">eolcordoba@eolcba.com.ar<\/a> con copia a\u00a0 <a href=\"mailto:roxanachiatti@hotmail.com\">roxanachiatti@hotmail.com<\/a> En el asunto incluir Trabajo 31 Jornadas EOL Cba. y nombre del autor.<\/li>\n<\/ul>\n<hr \/>\n<p style=\"text-align: justify;\"><a href=\"#_ftnref1\" name=\"_ftn1\">[1]<\/a> Lacan, J. Apertura de la Secci\u00f3n Cl\u00ednica. Disponible en https:\/\/cieccordoba.com.ar\/quienes-somos\/apertura-de-la-seccion-clinica\/<\/p>\n<p style=\"text-align: justify;\"><a href=\"#_ftnref2\" name=\"_ftn2\">[2]<\/a> Miller, J.-A. \u2018\u2019Lacan cl\u00ednico\u2019\u2019. Matemas II. Ed Manantial. P\u00e1g. 127<\/p>\n<\/div><\/div><\/div><\/div><\/div>\n","protected":false},"excerpt":{"rendered":"","protected":false},"author":1,"featured_media":0,"parent":0,"menu_order":4,"comment_status":"closed","ping_status":"closed","template":"","meta":{"footnotes":""},"class_list":["post-20","page","type-page","status-publish","hentry"],"_links":{"self":[{"href":"https:\/\/eolcba.com.ar\/jornadas2023\/wp-json\/wp\/v2\/pages\/20","targetHints":{"allow":["GET"]}}],"collection":[{"href":"https:\/\/eolcba.com.ar\/jornadas2023\/wp-json\/wp\/v2\/pages"}],"about":[{"href":"https:\/\/eolcba.com.ar\/jornadas2023\/wp-json\/wp\/v2\/types\/page"}],"author":[{"embeddable":true,"href":"https:\/\/eolcba.com.ar\/jornadas2023\/wp-json\/wp\/v2\/users\/1"}],"replies":[{"embeddable":true,"href":"https:\/\/eolcba.com.ar\/jornadas2023\/wp-json\/wp\/v2\/comments?post=20"}],"version-history":[{"count":2,"href":"https:\/\/eolcba.com.ar\/jornadas2023\/wp-json\/wp\/v2\/pages\/20\/revisions"}],"predecessor-version":[{"id":154,"href":"https:\/\/eolcba.com.ar\/jornadas2023\/wp-json\/wp\/v2\/pages\/20\/revisions\/154"}],"wp:attachment":[{"href":"https:\/\/eolcba.com.ar\/jornadas2023\/wp-json\/wp\/v2\/media?parent=20"}],"curies":[{"name":"wp","href":"https:\/\/api.w.org\/{rel}","templated":true}]}}

<div class="fusion-fullwidth fullwidth-box fusion-builder-row-1 fusion-flex-container has-pattern-background has-mask-background nonhundred-percent-fullwidth non-hundred-percent-height-scrolling" style="--awb-border-radius-top-left:0px;--awb-border-radius-top-right:0px;--awb-border-radius-bottom-right:0px;--awb-border-radius-bottom-left:0px;--awb-flex-wrap:wrap;" ><div class="fusion-builder-row fusion-row fusion-flex-align-items-flex-start fusion-flex-content-wrap" style="max-width:1352px;margin-left: calc(-4% / 2 );margin-right: calc(-4% / 2 );"><div class="fusion-layout-column fusion_builder_column fusion-builder-column-0 fusion_builder_column_1_1 1_1 fusion-flex-column" style="--awb-bg-size:cover;--awb-width-large:100%;--awb-margin-top-large:0px;--awb-spacing-right-large:1.92%;--awb-margin-bottom-large:20px;--awb-spacing-left-large:1.92%;--awb-width-medium:100%;--awb-order-medium:0;--awb-spacing-right-medium:1.92%;--awb-spacing-left-medium:1.92%;--awb-width-small:100%;--awb-order-small:0;--awb-spacing-right-small:1.92%;--awb-spacing-left-small:1.92%;"><div class="fusion-column-wrapper fusion-column-has-shadow fusion-flex-justify-content-flex-start fusion-content-layout-column"><div class="fusion-text fusion-text-1"><p style="text-align: justify;">Queridos Colegas:</p>
<p style="text-align: justify;">Los días 23 y 24 de junio nos encontraremos para celebrar las <strong>31° Jornadas de la EOL Sección Córdoba:  <em>Lo imposible de soportar ¿Cómo tratarlo?</em></strong></p>
<p style="text-align: justify;">Es así como Lacan definía la clínica en ocasión de la apertura de la Sección Clínica: “lo real en cuanto es lo imposible de soportar”<a href="#_ftn1" name="_ftnref1">[1]</a>, aunque haya artificios que permitan tratar esa condición.</p>
<p style="text-align: justify;">¿Cuáles artificios? ¿Cómo hacer con ese imposible?</p>
<p style="text-align: justify;">J.-A. Miller sitúa que “lo que vale es el hecho del síntoma (…) Y que hay síntoma en el sentido analítico cuando el sujeto se experimenta como desbordado por lo que le sucede en su propio pensamiento, desbordado en la esfera de lo que piensa que es su ser… su cuerpo. El síntoma toma la forma de la clínica cuando resulta imposible de soportar.’’<a href="#_ftn2" name="_ftnref2">[2]</a></p>
<p style="text-align: justify;">Es la propuesta que la Comisión Científica nos invita a investigar con el Argumento, Orientaciones y Ejes de trabajo.</p>
<p style="text-align: justify;">Invitamos especialmente a los<strong> miembros</strong> a presentar sus contribuciones clínicas -casos clínicos de la propia práctica- enmarcadas en los ejes propuestos.</p>
<p style="text-align: justify;">Así mismo, el cartel como órgano de base de la Escuela tendrá su lugar en estas Jornadas.</p>
<p style="text-align: justify;">Esperamos que aquellos <strong>cartelizantes</strong> que inscriben su formación en este dispositivo y participan de la vida de la Escuela puedan presentar su clínica tomando a su cuenta el decir sobre su práctica. El <strong>Más Uno</strong> será responsable de enviar el caso para ponerlo a consideración de la Comisión Científica quien tendrá a su cargo la selección de los mismos.</p>
<p style="text-align: justify;">Ya arrancamos ¡Los esperamos!</p>
<p style="text-align: justify;"><strong>Condiciones de presentación de trabajos</strong></p>
<ul style="text-align: justify;">
<li>Quienes presenten sus contribuciones deberán inscribirse de manera presencial.</li>
<li>Plazo de entrega: jueves 25 de mayo.</li>
<li>Cantidad de caracteres con espacios: 6000.</li>
<li>Fuente: Times New Roman 12.</li>
<li>Enviar a las siguientes direcciones de mail: <a href="mailto:eolcordoba@eolcba.com.ar">eolcordoba@eolcba.com.ar</a> con copia a  <a href="mailto:roxanachiatti@hotmail.com">roxanachiatti@hotmail.com</a> En el asunto incluir Trabajo 31 Jornadas EOL Cba. y nombre del autor.</li>
</ul>
<hr />
<p style="text-align: justify;"><a href="#_ftnref1" name="_ftn1">[1]</a> Lacan, J. Apertura de la Sección Clínica. Disponible en https://cieccordoba.com.ar/quienes-somos/apertura-de-la-seccion-clinica/</p>
<p style="text-align: justify;"><a href="#_ftnref2" name="_ftn2">[2]</a> Miller, J.-A. ‘’Lacan clínico’’. Matemas II. Ed Manantial. Pág. 127</p>
</div></div></div></div></div>
