{"id":21,"date":"2022-04-09T16:11:15","date_gmt":"2022-04-09T19:11:15","guid":{"rendered":"https:\/\/eolcba.com.ar\/jornadas2022\/?page_id=21"},"modified":"2022-05-08T15:36:21","modified_gmt":"2022-05-08T18:36:21","slug":"argumento","status":"publish","type":"page","link":"https:\/\/eolcba.com.ar\/jornadas2022\/argumento\/","title":{"rendered":"ARGUMENTO"},"content":{"rendered":"<div class=\"fusion-fullwidth fullwidth-box fusion-builder-row-1 fusion-flex-container nonhundred-percent-fullwidth non-hundred-percent-height-scrolling\" style=\"--awb-border-radius-top-left:0px;--awb-border-radius-top-right:0px;--awb-border-radius-bottom-right:0px;--awb-border-radius-bottom-left:0px;--awb-flex-wrap:wrap;\" ><div class=\"fusion-builder-row fusion-row fusion-flex-align-items-flex-start fusion-flex-content-wrap\" style=\"max-width:1352px;margin-left: calc(-4% \/ 2 );margin-right: calc(-4% \/ 2 );\"><div class=\"fusion-layout-column fusion_builder_column fusion-builder-column-0 fusion_builder_column_1_1 1_1 fusion-flex-column\" style=\"--awb-bg-size:cover;--awb-width-large:100%;--awb-margin-top-large:0px;--awb-spacing-right-large:1.92%;--awb-margin-bottom-large:20px;--awb-spacing-left-large:1.92%;--awb-width-medium:100%;--awb-order-medium:0;--awb-spacing-right-medium:1.92%;--awb-spacing-left-medium:1.92%;--awb-width-small:100%;--awb-order-small:0;--awb-spacing-right-small:1.92%;--awb-spacing-left-small:1.92%;\"><div class=\"fusion-column-wrapper fusion-column-has-shadow fusion-flex-justify-content-flex-start fusion-content-layout-column\"><div class=\"fusion-title title fusion-title-1 fusion-sep-none fusion-title-text fusion-title-size-three\"><h3 class=\"fusion-title-heading title-heading-left fusion-responsive-typography-calculated\" style=\"margin:0;--fontSize:25;line-height:1.36;\">Del inconsciente freudiano al parl\u00eatre<\/h3><\/div><div class=\"fusion-text fusion-text-1\" style=\"--awb-text-transform:none;\"><p style=\"text-align: justify;\">En el inicio de un an\u00e1lisis, la regla fundamental se\u00f1ala el car\u00e1cter de franqueamiento que tiene tomar la palabra, por lo que vale la expresi\u00f3n \u00bf<em>c\u00f3mo te lo digo<\/em>?<\/p>\n<p style=\"text-align: justify;\">Se trata de trasponer en palabras lo \u201camorfo mental\u201d -como denomina J.-A. Miller<sup>1<\/sup> a la conciencia no dicha.<\/p>\n<p style=\"text-align: justify;\">Para Freud<sup>2<\/sup> el deber de decir al analista lo que sabemos y no decimos a otros, como en una confesi\u00f3n laica, y de decir lo que no sabemos que sabemos, que el analista traduce, da lugar a la transferencia. As\u00ed, el analista forma parte del mon\u00f3logo analizante. Los efectos terap\u00e9uticos tempranos reflejan el alivio que, en muchos casos, trae este franqueamiento.<\/p>\n<p style=\"text-align: justify;\">Pero desde su primera ense\u00f1anza Lacan<sup>3<\/sup> desconf\u00eda de la noci\u00f3n que emplea Freud de \u201ctoma de conciencia\u201d para dar cuenta de dichos efectos terap\u00e9uticos. Si estos se producen, se trata, m\u00e1s bien, de \u201cverbalizaci\u00f3n\u201d, de \u201cpasar al verbo\u201d, al \u201c<em>epos<\/em>\u201d. Los t\u00e9rminos \u201cconciencia\u201d e \u201cinconsciente\u201d le parecen cada vez m\u00e1s imprecisos y sesgados por una psicolog\u00eda de \u00e9poca. El giro ling\u00fc\u00edstico de Lacan, resumido en la f\u00f3rmula \u201cel inconsciente est\u00e1 estructurado como un lenguaje\u201d, abrir\u00e1 la v\u00eda para una revisi\u00f3n constante del concepto de inconsciente que culminar\u00e1, por su giro hacia la axiom\u00e1tica del goce<sup>4<\/sup>, en lo que Miller<sup>5<\/sup> reconoci\u00f3 en la noci\u00f3n de \u201c<em>parl\u00eatre<\/em>\u201d<sup>6<\/sup>, de \u201ccuerpo hablante\u201d, de \u201chablante- ser\u201d.<\/p>\n<p style=\"text-align: justify;\">Hay, sin embargo, en este devenir conceptual, una conservaci\u00f3n de lo que se supera. Podemos suponer que cada an\u00e1lisis reproduce, en distinta medida, las escansiones de la ense\u00f1anza de Lacan y su debate con Freud.<\/p>\n<p style=\"text-align: justify;\">En el inicio de un an\u00e1lisis, las revelaciones, los <em>insights<\/em>, los instantes de ver articulan lo inconsciente como una verdad mentirosa porque tiene estructura de ficci\u00f3n. El \u201cs\u00edntoma del inconsciente\u201d<sup>7<\/sup> es charlat\u00e1n. Mientras que, en un an\u00e1lisis que dura, para alcanzar la desinvestidura de esas ficciones, se hace la experiencia de lo real bajo el modo de la inercia, que es territorio del \u201c<em>sinthome<\/em>\u201d<sup>8<\/sup>.<\/p>\n<p style=\"text-align: justify;\">\u00bf<em>C\u00f3mo te lo digo<\/em>? refleja lo embarazoso, el espesamiento silencioso que acompa\u00f1a a la repetici\u00f3n cuando ya no podemos quejarnos del peso de los semblantes. As\u00ed, las ficciones del inicio son el anzuelo para atrapar un real porque \u00bfc\u00f3mo hablar de uno sin los otros?<\/p>\n<\/div><div class=\"fusion-title title fusion-title-2 fusion-sep-none fusion-title-text fusion-title-size-three\" style=\"--awb-margin-top:20px;\"><h3 class=\"fusion-title-heading title-heading-left fusion-responsive-typography-calculated\" style=\"margin:0;--fontSize:25;line-height:1.36;\">La cl\u00ednica en la \u00e9poca del Uno solo: angustia y urgencia<\/h3><\/div><div class=\"fusion-text fusion-text-2\" style=\"--awb-text-transform:none;\"><p style=\"text-align: justify;\">Hoy, en tiempos de virtualidad y de ausencias, la alianza entre cuerpos y palabras se manifiesta como un \u201chablado sin cuerpos\u201d -como explic\u00f3 M.-H. Brousse<sup>9<\/sup>-, alianza que requiere una nueva consideraci\u00f3n \u00e9tica ya que, si la palabra es el instrumento operativo de nuestra praxis, no es sin el poder discrecional del oyente.<\/p>\n<p style=\"text-align: justify;\">Dado el escaso recurso a las narrativas, a las ficciones, a los semblantes, aquello a lo que el analista apunta, forzosamente, es a abordar en el inicio esa inercia que, cl\u00e1sicamente, ve\u00edamos instalarse en la duraci\u00f3n de un an\u00e1lisis. Es la inercia que viene del <em>mutismo de la pulsi\u00f3n<\/em><sup>10<\/sup><em>, <\/em>que emerge del misterio del cuerpo hablante -y no de la verdad mentirosa- y que es experimentada, tanto del lado del analizante como del analista, como una urgencia<sup>11<\/sup>.<\/p>\n<p style=\"text-align: justify;\">La elucidaci\u00f3n lacaniana de la angustia demuestra que la verdad miente cuando nos confrontamos a lo que no miente porque no habla. Ese afecto que no enga\u00f1a es, entonces, se\u00f1al de lo real; se\u00f1al de la pulsi\u00f3n que busca satisfacerse como una voluntad de goce que insiste, avanzando sobre el principio del placer<sup>12<\/sup>.<\/p>\n<p style=\"text-align: justify;\">\u00a1Y tenemos miedo! de all\u00ed la urgencia. \u00bfDe qu\u00e9 tenemos miedo? interroga Lacan<sup>13<\/sup>. De nuestro cuerpo.<\/p>\n<p style=\"text-align: justify;\">Pero la angustia se sit\u00faa en un lugar diferente que el miedo. Es un avance de lo real sobre lo imaginario; es el sentimiento que surge de la sospecha de que nos reducimos a nuestro cuerpo. Es un miedo al miedo, y la urgencia la modalidad temporal de un traumatismo.<\/p>\n<\/div><div class=\"fusion-title title fusion-title-3 fusion-sep-none fusion-title-text fusion-title-size-three\" style=\"--awb-margin-top:20px;\"><h3 class=\"fusion-title-heading title-heading-left fusion-responsive-typography-calculated\" style=\"margin:0;--fontSize:25;line-height:1.36;\">La estructura de lenguaje no es m\u00e1s que una elucubraci\u00f3n de saber sobre lalengua<sup>14<\/sup><\/h3><\/div><div class=\"fusion-text fusion-text-3\" style=\"--awb-text-transform:none;\"><p style=\"text-align: justify;\">El arco que trazamos de la primera a la \u00faltima ense\u00f1anza de Lacan ordena un campo que va del privilegio de lo simb\u00f3lico del lenguaje al de lo real del traumatismo de <em>lalengua<\/em><sup>15<\/sup>. La palabra concierne ahora no s\u00f3lo a lo simb\u00f3lico y lo imaginario sino a la opacidad de lo real, conformando un aparato de goce, <em>aparole<\/em>\/<em>apareille<\/em>, que Miller<sup>16<\/sup> equipara a un mon\u00f3logo. Y los destellos de ese real -la angustia, los s\u00edntomas- no se vuelven operativos para reintroducir al sujeto en la cadena significante. M\u00e1s bien es la pulsi\u00f3n de muerte sin semblante la que rige, en un acto continuo y sin destinatario, un goce del Uno solo, sin el otro. Ese silencio pulsional puede ser equiparado al estatuto autista de la <em>apalabra<\/em>, en el que no hay di\u00e1logo sino goce siempre logrado.<\/p>\n<p style=\"text-align: justify;\">Es as\u00ed que, de entrada, el analista debe poder escuchar el goce del <em>parl\u00eatre<\/em>, eso insoportable que emerge de un goce que perturba.<\/p>\n<p style=\"text-align: justify;\">Por un lado, la ficci\u00f3n anal\u00edtica -como explica E. Laurent<sup>17<\/sup>&#8211; posibilita que se introduzca algo de la significaci\u00f3n f\u00e1lica, no del lado de una articulaci\u00f3n al padre sino a partir de los objetos <em>a, <\/em>de las inscripciones de goce. Por otro lado, entre el silencio y el sentido, el <em>esfuerzo de poes\u00eda <\/em>que Miller nos propone es una de las formas a partir de la cual el semblante o la letra pueden localizar un real entre lo descifrable y lo indecible.<\/p>\n<p style=\"text-align: justify;\">A partir de aqu\u00ed, debemos poder extraer las consecuencias que acarrea la teor\u00eda lacaniana de <em>lalengua <\/em>para la pr\u00e1ctica de la interpretaci\u00f3n.<\/p>\n<\/div><div class=\"fusion-title title fusion-title-4 fusion-sep-none fusion-title-text fusion-title-size-three\" style=\"--awb-margin-top:20px;\"><h3 class=\"fusion-title-heading title-heading-left fusion-responsive-typography-calculated\" style=\"margin:0;--fontSize:25;line-height:1.36;\">Ejes tem\u00e1ticos<\/h3><\/div><div class=\"fusion-text fusion-text-4\" style=\"--awb-text-transform:none;\"><p style=\"text-align: justify;\"><strong>EJE 1- Episteme y pr\u00e1ctica anal\u00edtica: C\u00f3mo escuchamos lo que se dice en an\u00e1lisis\u2026<\/strong><\/p>\n<ul>\n<li style=\"text-align: justify;\">Del inconsciente freudiano al <em>parl\u00eatre<\/em><\/li>\n<li style=\"text-align: justify;\">La cl\u00ednica en la \u00e9poca del Uno solo<\/li>\n<li style=\"text-align: justify;\">El lenguaje, la lengua, <em>lalengua: <\/em>incidencias en la interpretaci\u00f3n anal\u00edtica<\/li>\n<li style=\"text-align: justify;\">Es el hombre que se sirve del cuerpo para hablar\u2026<\/li>\n<li style=\"text-align: justify;\">Del desciframiento del lenguaje a la escritura y la letra del <em>sinthome<\/em><\/li>\n<li style=\"text-align: justify;\">\u00bfDe qu\u00e9 hablamos cuando decimos que hay sentido en lo real? \u00bfCu\u00e1l es la eficacia anal\u00edtica de la \u201cjaculaci\u00f3n\u201d y de la \u201cfuerza de la poes\u00eda\u201d?<\/li>\n<\/ul>\n<p style=\"text-align: justify;\"><strong>EJE 2- En la \u00e9poca del Uno solo: C\u00f3mo te dicen\u2026.<\/strong><\/p>\n<ul>\n<li style=\"text-align: justify;\"><strong>\u00a0<\/strong>\u00bfPor qu\u00e9 sostener la diferencia entre Identificaciones e identidad?<\/li>\n<li style=\"text-align: justify;\">Empuje al nominalismo clasificatorio: \u00bfqu\u00e9 nombra un analizante cuando busca su diagn\u00f3stico en internet?<\/li>\n<li style=\"text-align: justify;\">La despatologizaci\u00f3n y los sujetos del derecho frente a la <em>sintomatizaci\u00f3n <\/em>del sujeto del inconsciente<\/li>\n<li style=\"text-align: justify;\">El Autismo como El autismo del Goce.<\/li>\n<li style=\"text-align: justify;\">La vida en la virtualidad: semblantes, saber, goce indecible<\/li>\n<li style=\"text-align: justify;\">Pol\u00edticas de los derechos frente a una pol\u00edtica de s\u00edntoma<\/li>\n<\/ul>\n<p><strong>EJE 3- La Escuela: \u00bfC\u00f3mo decir en la Escuela?<\/strong><\/p>\n<ul>\n<li style=\"text-align: justify;\">Paradojas del testimonio de los AE \u00bfc\u00f3mo hablar del propio an\u00e1lisis sin hacer psicolog\u00eda del yo?<\/li>\n<li style=\"text-align: justify;\">Posici\u00f3n femenina y salida del an\u00e1lisis<\/li>\n<li style=\"text-align: justify;\">\u00bfEn qu\u00e9 consiste el agujero en el saber que preserva el discurso anal\u00edtico? \u00bfCu\u00e1l es su relaci\u00f3n con el deseo del analista?<\/li>\n<li style=\"text-align: justify;\">Dilemas en la transmisi\u00f3n y la formaci\u00f3n: c\u00f3mo situar la enunciaci\u00f3n en la cita, la menci\u00f3n, la par\u00e1frasis, la m\u00edmesis<\/li>\n<li style=\"text-align: justify;\">La transmisi\u00f3n como problema: la lengua de madera versus <em>lalengua <\/em>singular<\/li>\n<\/ul>\n<\/div><div class=\"fusion-title title fusion-title-5 fusion-sep-none fusion-title-text fusion-title-size-three\" style=\"--awb-margin-top:20px;\"><h3 class=\"fusion-title-heading title-heading-left fusion-responsive-typography-calculated\" style=\"margin:0;--fontSize:25;line-height:1.36;\">Comisi\u00f3n Cient\u00edfica<\/h3><\/div><div class=\"fusion-text fusion-text-5\" style=\"--awb-text-transform:none;\"><p>Ana Mar\u00eda Gallegos, Elena Levy Yeyati y Claudia Lijtinstens<\/p>\n<\/div><div class=\"fusion-separator fusion-full-width-sep\" style=\"align-self: center;margin-left: auto;margin-right: auto;margin-top:20px;margin-bottom:20px;width:100%;\"><\/div><\/div><\/div><div class=\"fusion-layout-column fusion_builder_column fusion-builder-column-1 fusion_builder_column_1_2 1_2 fusion-flex-column\" style=\"--awb-bg-size:cover;--awb-width-large:50%;--awb-margin-top-large:0px;--awb-spacing-right-large:3.84%;--awb-margin-bottom-large:20px;--awb-spacing-left-large:3.84%;--awb-width-medium:50%;--awb-order-medium:0;--awb-spacing-right-medium:3.84%;--awb-spacing-left-medium:3.84%;--awb-width-small:100%;--awb-order-small:0;--awb-spacing-right-small:1.92%;--awb-spacing-left-small:1.92%;\"><div class=\"fusion-column-wrapper fusion-column-has-shadow fusion-flex-justify-content-flex-start fusion-content-layout-column\"><div class=\"fusion-reading-box-container reading-box-container-1\" style=\"--awb-title-color:#2c2d33;--awb-margin-top:0px;--awb-margin-bottom:20px;\"><div class=\"reading-box\" style=\"background-color:#ffffff;border-width:1px;border-color:#ffffff;border-left-width:3px;border-left-color:var(--primary_color);border-style:solid;\"><a class=\"button fusion-button button-default fusion-button-small button-small button-flat fusion-desktop-button fusion-tagline-button continue fusion-desktop-button-margin continue-right\" style=\"-webkit-box-shadow:none;-moz-box-shadow:none;box-shadow:none;border-radius:4px 4px 4px 4px\" href=\"https:\/\/eolcba.com.ar\/jornadas2022\/wp-content\/uploads\/sites\/8\/2022\/05\/Aporte-Comisio\u0301n-cienti\u0301fica-para-el-Ulises-Flujo-de-la-conciencia.pdf\" target=\"_blank\" rel=\"noopener noreferrer\"><span>ENLACE<\/span><\/a><h2>Joyce: el eco en la literatura del mon\u00f3logo anal\u00edtico<\/h2><div class=\"reading-box-description fusion-reading-box-additional\">Rumbo a las 30 Jornadas EOL Secci\u00f3n C\u00f3rdoba \u201c... \u00bfc\u00f3mo te lo digo?\u201d<\/div><div class=\"fusion-clearfix\"><\/div><a class=\"button fusion-button button-default fusion-button-small button-small button-flat fusion-mobile-button continue-right\" style=\"-webkit-box-shadow:none;-moz-box-shadow:none;box-shadow:none;border-radius:4px 4px 4px 4px\" href=\"https:\/\/eolcba.com.ar\/jornadas2022\/wp-content\/uploads\/sites\/8\/2022\/05\/Aporte-Comisio\u0301n-cienti\u0301fica-para-el-Ulises-Flujo-de-la-conciencia.pdf\" target=\"_blank\" rel=\"noopener noreferrer\"><span>ENLACE<\/span><\/a><\/div><\/div><\/div><\/div><div class=\"fusion-layout-column fusion_builder_column fusion-builder-column-2 fusion_builder_column_1_2 1_2 fusion-flex-column\" style=\"--awb-bg-size:cover;--awb-width-large:50%;--awb-margin-top-large:0px;--awb-spacing-right-large:3.84%;--awb-margin-bottom-large:20px;--awb-spacing-left-large:3.84%;--awb-width-medium:50%;--awb-order-medium:0;--awb-spacing-right-medium:3.84%;--awb-spacing-left-medium:3.84%;--awb-width-small:100%;--awb-order-small:0;--awb-spacing-right-small:1.92%;--awb-spacing-left-small:1.92%;\"><div class=\"fusion-column-wrapper fusion-column-has-shadow fusion-flex-justify-content-flex-start fusion-content-layout-column\"><div class=\"fusion-reading-box-container reading-box-container-2\" style=\"--awb-title-color:#2c2d33;--awb-margin-top:0px;--awb-margin-bottom:20px;\"><div class=\"reading-box\" style=\"background-color:#ffffff;border-width:1px;border-color:#ffffff;border-left-width:3px;border-left-color:var(--primary_color);border-style:solid;\"><a class=\"button fusion-button button-default fusion-button-small button-small button-flat fusion-desktop-button fusion-tagline-button continue fusion-desktop-button-margin continue-right\" style=\"-webkit-box-shadow:none;-moz-box-shadow:none;box-shadow:none;border-radius:4px 4px 4px 4px\" href=\"https:\/\/eolcba.com.ar\/jornadas2022\/wp-content\/uploads\/sites\/8\/2022\/05\/Hay-del-Uno-Ana-Gallegos.pdf\" target=\"_blank\" rel=\"noopener noreferrer\"><span>ENLACE<\/span><\/a><h2>Hay del Uno<\/h2><div class=\"reading-box-description fusion-reading-box-additional\">Por Ana Gallegos<\/div><div class=\"fusion-clearfix\"><\/div><a class=\"button fusion-button button-default fusion-button-small button-small button-flat fusion-mobile-button continue-right\" style=\"-webkit-box-shadow:none;-moz-box-shadow:none;box-shadow:none;border-radius:4px 4px 4px 4px\" href=\"https:\/\/eolcba.com.ar\/jornadas2022\/wp-content\/uploads\/sites\/8\/2022\/05\/Hay-del-Uno-Ana-Gallegos.pdf\" target=\"_blank\" rel=\"noopener noreferrer\"><span>ENLACE<\/span><\/a><\/div><\/div><\/div><\/div><div class=\"fusion-layout-column fusion_builder_column fusion-builder-column-3 fusion_builder_column_1_2 1_2 fusion-flex-column\" style=\"--awb-bg-size:cover;--awb-width-large:50%;--awb-margin-top-large:0px;--awb-spacing-right-large:3.84%;--awb-margin-bottom-large:20px;--awb-spacing-left-large:3.84%;--awb-width-medium:50%;--awb-order-medium:0;--awb-spacing-right-medium:3.84%;--awb-spacing-left-medium:3.84%;--awb-width-small:100%;--awb-order-small:0;--awb-spacing-right-small:1.92%;--awb-spacing-left-small:1.92%;\"><div class=\"fusion-column-wrapper fusion-column-has-shadow fusion-flex-justify-content-flex-start fusion-content-layout-column\"><div class=\"fusion-reading-box-container reading-box-container-3\" style=\"--awb-title-color:#2c2d33;--awb-margin-top:0px;--awb-margin-bottom:20px;\"><div class=\"reading-box\" style=\"background-color:#ffffff;border-width:1px;border-color:#ffffff;border-left-width:3px;border-left-color:var(--primary_color);border-style:solid;\"><a class=\"button fusion-button button-default fusion-button-small button-small button-flat fusion-desktop-button fusion-tagline-button continue fusion-desktop-button-margin continue-right\" style=\"-webkit-box-shadow:none;-moz-box-shadow:none;box-shadow:none;border-radius:4px 4px 4px 4px\" href=\"https:\/\/eolcba.com.ar\/jornadas2022\/wp-content\/uploads\/sites\/8\/2022\/05\/El-lenguaje-la-lengua-lalangue-Elena-Levy-Yeyati.pdf\" target=\"_blank\" rel=\"noopener noreferrer\"><span>ENLACE<\/span><\/a><h2>El lenguaje, la lengua, lalengua<\/h2><div class=\"reading-box-description fusion-reading-box-additional\">Por Elena L. Yeyati<\/div><div class=\"fusion-clearfix\"><\/div><a class=\"button fusion-button button-default fusion-button-small button-small button-flat fusion-mobile-button continue-right\" style=\"-webkit-box-shadow:none;-moz-box-shadow:none;box-shadow:none;border-radius:4px 4px 4px 4px\" href=\"https:\/\/eolcba.com.ar\/jornadas2022\/wp-content\/uploads\/sites\/8\/2022\/05\/El-lenguaje-la-lengua-lalangue-Elena-Levy-Yeyati.pdf\" target=\"_blank\" rel=\"noopener noreferrer\"><span>ENLACE<\/span><\/a><\/div><\/div><\/div><\/div><div class=\"fusion-layout-column fusion_builder_column fusion-builder-column-4 fusion_builder_column_1_2 1_2 fusion-flex-column\" style=\"--awb-bg-size:cover;--awb-width-large:50%;--awb-margin-top-large:0px;--awb-spacing-right-large:3.84%;--awb-margin-bottom-large:20px;--awb-spacing-left-large:3.84%;--awb-width-medium:50%;--awb-order-medium:0;--awb-spacing-right-medium:3.84%;--awb-spacing-left-medium:3.84%;--awb-width-small:100%;--awb-order-small:0;--awb-spacing-right-small:1.92%;--awb-spacing-left-small:1.92%;\"><div class=\"fusion-column-wrapper fusion-column-has-shadow fusion-flex-justify-content-flex-start fusion-content-layout-column\"><div class=\"fusion-reading-box-container reading-box-container-4\" style=\"--awb-title-color:#2c2d33;--awb-margin-top:0px;--awb-margin-bottom:20px;\"><div class=\"reading-box\" style=\"background-color:#ffffff;border-width:1px;border-color:#ffffff;border-left-width:3px;border-left-color:var(--primary_color);border-style:solid;\"><a class=\"button fusion-button button-default fusion-button-small button-small button-flat fusion-desktop-button fusion-tagline-button continue fusion-desktop-button-margin continue-right\" style=\"-webkit-box-shadow:none;-moz-box-shadow:none;box-shadow:none;border-radius:4px 4px 4px 4px\" href=\"https:\/\/eolcba.com.ar\/jornadas2022\/wp-content\/uploads\/sites\/8\/2022\/05\/Las-Palabras-y-la-Interpretacio\u0301n-Claudia-Lijtinstens.pdf\" target=\"_blank\" rel=\"noopener noreferrer\"><span>ENLACE<\/span><\/a><h2>Las palabras y la interpretaci\u00f3n\u2026 <\/h2><div class=\"reading-box-description fusion-reading-box-additional\">Por Claudia Lijtinstens<\/div><div class=\"fusion-clearfix\"><\/div><a class=\"button fusion-button button-default fusion-button-small button-small button-flat fusion-mobile-button continue-right\" style=\"-webkit-box-shadow:none;-moz-box-shadow:none;box-shadow:none;border-radius:4px 4px 4px 4px\" href=\"https:\/\/eolcba.com.ar\/jornadas2022\/wp-content\/uploads\/sites\/8\/2022\/05\/Las-Palabras-y-la-Interpretacio\u0301n-Claudia-Lijtinstens.pdf\" target=\"_blank\" rel=\"noopener noreferrer\"><span>ENLACE<\/span><\/a><\/div><\/div><\/div><\/div><div class=\"fusion-layout-column fusion_builder_column fusion-builder-column-5 fusion_builder_column_1_1 1_1 fusion-flex-column\" style=\"--awb-bg-size:cover;--awb-width-large:100%;--awb-margin-top-large:0px;--awb-spacing-right-large:1.92%;--awb-margin-bottom-large:20px;--awb-spacing-left-large:1.92%;--awb-width-medium:100%;--awb-order-medium:0;--awb-spacing-right-medium:1.92%;--awb-spacing-left-medium:1.92%;--awb-width-small:100%;--awb-order-small:0;--awb-spacing-right-small:1.92%;--awb-spacing-left-small:1.92%;\"><div class=\"fusion-column-wrapper fusion-column-has-shadow fusion-flex-justify-content-flex-start fusion-content-layout-column\"><div class=\"fusion-text fusion-text-6\" style=\"--awb-text-transform:none;\"><hr \/>\n<p style=\"text-align: justify;\"><sup>1<\/sup> Miller J.-A., <em>Sutilezas anal\u00edticas<\/em>, Paid\u00f3s, 2011, p. 113 y sig.<\/p>\n<p style=\"text-align: justify;\"><sup>2<\/sup> Freud S., <em>Esquema del psicoan\u00e1lisis<\/em>. En <em>Obras Completas. Vol. XXIII<\/em>. Amorrortu, 2006, p.173 y sig.<\/p>\n<p style=\"text-align: justify;\"><sup>3<\/sup> Lacan J., Funci\u00f3n y campo de la palabra y del lenguaje en psicoan\u00e1lisis. En <em>Escritos 1. <\/em>siglo veintiuno editores<em>, <\/em>1988, p.244 y sig.<\/p>\n<p style=\"text-align: justify;\"><sup>4<\/sup> Cf. Lacan J., <em>El Seminario, Libro 20, A\u00fan 1972-1973. <\/em>Paid\u00f3s, 1981.<\/p>\n<p style=\"text-align: justify;\"><sup>5<\/sup> Miller J.-A., El inconsciente y el cuerpo hablante. En <em>Scilicet <\/em>El cuerpo hablante. Sobre el inconsciente en el siglo XXI. X Congreso de la Asociaci\u00f3n Mundial de Psicoan\u00e1lisis. R\u00edo de Janeiro, 2016 pp. 21-37.<\/p>\n<p style=\"text-align: justify;\"><sup>6<\/sup> Debido al juego homof\u00f3nico hay muchos modos de declinar el neologismo <em>parl\u00eatre<\/em>.<\/p>\n<p style=\"text-align: justify;\"><sup>7<\/sup> Miller J.-A., El inconsciente y el cuerpo hablante, op. cit.<\/p>\n<p style=\"text-align: justify;\"><sup>8<\/sup> Miller J.-A., <em>Sutilezas anal\u00edticas<\/em>, op. cit., p. 115.<\/p>\n<p style=\"text-align: justify;\"><sup>9<\/sup> Brousse M.-H., Soledad de los cuerpos. Disponible en: https:\/\/psicoanalisislacaniano.com\/2020\/04\/23\/mhbrousse-soledad-cuerpos-20200423<\/p>\n<p style=\"text-align: justify;\"><sup>10<\/sup> Cf. Freud S., El yo y el ello. En <em>Obras Completas. Vol. XIX<\/em>. Amorrortu, 1986, p.47; p.59.<\/p>\n<p style=\"text-align: justify;\"><sup>11<\/sup> Lacan J., El esp de un laps. En <em>Otro<\/em>s <em>escritos. <\/em>Paid\u00f3s 2012. p 601<\/p>\n<p style=\"text-align: justify;\"><sup>12<\/sup> Miller J-A., <em>La angustia Lacaniana<\/em>. Icdeba. Paid\u00f3s 2007, p.90.<\/p>\n<p style=\"text-align: justify;\"><sup>13<\/sup> Lacan J., La Tercera. En <em>Lacaniana <\/em>18. Publicaci\u00f3n de la EOL, 2015, p. 27.<\/p>\n<p style=\"text-align: justify;\"><sup>14<\/sup> Lacan J, <em>El Seminario, Libro 20, Aun, \u00f3p. cit. <\/em>Clase del 26\/6\/73 titulada \u201cElucubraci\u00f3n de saber sobre\u00a0<em>lalengua<\/em>\u201d.<\/p>\n<p style=\"text-align: justify;\"><sup>15<\/sup> Lacan J, Id.<\/p>\n<p style=\"text-align: justify;\"><sup>16<\/sup> Miller J.A., Curso de la O.L. \u201cLa fuga del sentido\u201d. Clase del 17\/01\/1996, in\u00e9dito.<\/p>\n<p style=\"text-align: justify;\"><sup>17<\/sup> Laurent E., El Uno solo. En <em>Freudiana N\u00b083<\/em>. Revista de la comunidad de Catalu\u00f1a. ECF. Abril-Julio 2018, p.80.<\/p>\n<\/div><\/div><\/div><\/div><\/div>\n","protected":false},"excerpt":{"rendered":"","protected":false},"author":1,"featured_media":0,"parent":0,"menu_order":3,"comment_status":"closed","ping_status":"closed","template":"","meta":{"footnotes":""},"class_list":["post-21","page","type-page","status-publish","hentry"],"_links":{"self":[{"href":"https:\/\/eolcba.com.ar\/jornadas2022\/wp-json\/wp\/v2\/pages\/21","targetHints":{"allow":["GET"]}}],"collection":[{"href":"https:\/\/eolcba.com.ar\/jornadas2022\/wp-json\/wp\/v2\/pages"}],"about":[{"href":"https:\/\/eolcba.com.ar\/jornadas2022\/wp-json\/wp\/v2\/types\/page"}],"author":[{"embeddable":true,"href":"https:\/\/eolcba.com.ar\/jornadas2022\/wp-json\/wp\/v2\/users\/1"}],"replies":[{"embeddable":true,"href":"https:\/\/eolcba.com.ar\/jornadas2022\/wp-json\/wp\/v2\/comments?post=21"}],"version-history":[{"count":14,"href":"https:\/\/eolcba.com.ar\/jornadas2022\/wp-json\/wp\/v2\/pages\/21\/revisions"}],"predecessor-version":[{"id":158,"href":"https:\/\/eolcba.com.ar\/jornadas2022\/wp-json\/wp\/v2\/pages\/21\/revisions\/158"}],"wp:attachment":[{"href":"https:\/\/eolcba.com.ar\/jornadas2022\/wp-json\/wp\/v2\/media?parent=21"}],"curies":[{"name":"wp","href":"https:\/\/api.w.org\/{rel}","templated":true}]}}